{"id":12730,"date":"2024-01-31T17:39:31","date_gmt":"2024-01-31T17:39:31","guid":{"rendered":"https:\/\/www.fincaelcercado.com\/?page_id=12730"},"modified":"2024-01-31T17:43:26","modified_gmt":"2024-01-31T17:43:26","slug":"feder","status":"publish","type":"page","link":"https:\/\/www.fincaelcercado.com\/en\/feder\/","title":{"rendered":"FEDER"},"content":{"rendered":"\n<h3 class=\"wp-block-heading\">Beneficiarios de la subvenci\u00f3n del\u00a0Plan de Recuperaci\u00f3n, Transformaci\u00f3n y Resiliencia<\/h3>\n\n\n\n<p>Proyecto acogido al programa de incentivos ligados al autoconsumo y almacenamiento, con fuentes de energ\u00eda<br>renovable, as\u00ed como a la implantaci\u00f3n de sistemas t\u00e9rmicos renovables en el sector residencial en el marco del<br>Plan de Recuperaci\u00f3n, Transformaci\u00f3n y Resiliencia, financiado por la Uni\u00f3n Europea &#8211; NextGenerationEU<br>#PlanDeRecuperaci\u00f3n<\/p>\n\n\n\n<figure class=\"wp-block-image size-large\"><img fetchpriority=\"high\" decoding=\"async\" width=\"1024\" height=\"724\" src=\"https:\/\/www.fincaelcercado.com\/wp-content\/uploads\/feder-1024x724.png\" alt=\"\" class=\"wp-image-12727\" srcset=\"https:\/\/www.fincaelcercado.com\/wp-content\/uploads\/feder-1024x724.png 1024w, https:\/\/www.fincaelcercado.com\/wp-content\/uploads\/feder-413x292.png 413w, https:\/\/www.fincaelcercado.com\/wp-content\/uploads\/feder-768x543.png 768w, https:\/\/www.fincaelcercado.com\/wp-content\/uploads\/feder-1536x1086.png 1536w, https:\/\/www.fincaelcercado.com\/wp-content\/uploads\/feder.png 1893w\" sizes=\"(max-width: 1024px) 100vw, 1024px\" \/><\/figure>\n","protected":false},"excerpt":{"rendered":"<p>Beneficiarios de la subvenci\u00f3n del\u00a0Plan de Recuperaci\u00f3n, Transformaci\u00f3n y Resiliencia Proyecto acogido al programa de incentivos ligados al autoconsumo y almacenamiento, con fuentes de energ\u00edarenovable, as\u00ed como a la implantaci\u00f3n de sistemas t\u00e9rmicos renovables en el sector residencial en el marco delPlan de Recuperaci\u00f3n, Transformaci\u00f3n y Resiliencia, financiado por la Uni\u00f3n Europea &#8211; NextGenerationEU#PlanDeRecuperaci\u00f3n<\/p>\n","protected":false},"author":4,"featured_media":0,"parent":0,"menu_order":0,"comment_status":"closed","ping_status":"closed","template":"","meta":{"footnotes":""},"_links":{"self":[{"href":"https:\/\/www.fincaelcercado.com\/en\/wp-json\/wp\/v2\/pages\/12730"}],"collection":[{"href":"https:\/\/www.fincaelcercado.com\/en\/wp-json\/wp\/v2\/pages"}],"about":[{"href":"https:\/\/www.fincaelcercado.com\/en\/wp-json\/wp\/v2\/types\/page"}],"author":[{"embeddable":true,"href":"https:\/\/www.fincaelcercado.com\/en\/wp-json\/wp\/v2\/users\/4"}],"replies":[{"embeddable":true,"href":"https:\/\/www.fincaelcercado.com\/en\/wp-json\/wp\/v2\/comments?post=12730"}],"version-history":[{"count":2,"href":"https:\/\/www.fincaelcercado.com\/en\/wp-json\/wp\/v2\/pages\/12730\/revisions"}],"predecessor-version":[{"id":12734,"href":"https:\/\/www.fincaelcercado.com\/en\/wp-json\/wp\/v2\/pages\/12730\/revisions\/12734"}],"wp:attachment":[{"href":"https:\/\/www.fincaelcercado.com\/en\/wp-json\/wp\/v2\/media?parent=12730"}],"curies":[{"name":"wp","href":"https:\/\/api.w.org\/{rel}","templated":true}]}}

<h3 class="wp-block-heading">Beneficiarios de la subvención del Plan de Recuperación, Transformación y Resiliencia</h3>



<p>Proyecto acogido al programa de incentivos ligados al autoconsumo y almacenamiento, con fuentes de energía<br>renovable, así como a la implantación de sistemas térmicos renovables en el sector residencial en el marco del<br>Plan de Recuperación, Transformación y Resiliencia, financiado por la Unión Europea &#8211; NextGenerationEU<br>#PlanDeRecuperación</p>



<figure class="wp-block-image size-large"><img fetchpriority="high" decoding="async" width="1024" height="724" src="https://www.fincaelcercado.com/wp-content/uploads/feder-1024x724.png" alt="" class="wp-image-12727" srcset="https://www.fincaelcercado.com/wp-content/uploads/feder-1024x724.png 1024w, https://www.fincaelcercado.com/wp-content/uploads/feder-413x292.png 413w, https://www.fincaelcercado.com/wp-content/uploads/feder-768x543.png 768w, https://www.fincaelcercado.com/wp-content/uploads/feder-1536x1086.png 1536w, https://www.fincaelcercado.com/wp-content/uploads/feder.png 1893w" sizes="(max-width: 1024px) 100vw, 1024px" /></figure>

<p>Beneficiarios de la subvención del Plan de Recuperación, Transformación y Resiliencia Proyecto acogido al programa de incentivos ligados al autoconsumo y almacenamiento, con fuentes de energíarenovable, así como a la implantación de sistemas térmicos renovables en el sector residencial en el marco delPlan de Recuperación, Transformación y Resiliencia, financiado por la Unión Europea &#8211; NextGenerationEU#PlanDeRecuperación</p>
